{"id":1553,"date":"2025-04-01T16:49:52","date_gmt":"2025-04-01T21:49:52","guid":{"rendered":"http:\/\/localhost\/paola\/?post_type=product&#038;p=1553"},"modified":"2025-05-30T18:26:09","modified_gmt":"2025-05-30T23:26:09","slug":"programa-talentos-dorados","status":"publish","type":"product","link":"https:\/\/paovarelabienestar.com\/paola\/index.php\/product\/programa-talentos-dorados\/","title":{"rendered":"Talleres de mindfullness , meditaci\u00f3n y YOGA"},"content":{"rendered":"<p data-start=\"228\" data-end=\"303\"><strong data-start=\"228\" data-end=\"303\">Bienestar integral para equipos m\u00e1s saludables, enfocados y resilientes<\/strong><\/p>\n<p data-start=\"305\" data-end=\"687\">En un mundo corporativo cada vez m\u00e1s exigente, el bienestar emocional y f\u00edsico de los colaboradores no es un lujo, sino una necesidad estrat\u00e9gica. Nuestros talleres de <em data-start=\"473\" data-end=\"486\">mindfulness<\/em>, meditaci\u00f3n y yoga est\u00e1n dise\u00f1ados para ayudar a las empresas a crear espacios de pausa consciente, reducir el estr\u00e9s laboral, mejorar la concentraci\u00f3n y fortalecer el equilibrio entre mente y cuerpo.<\/p>\n<p data-start=\"689\" data-end=\"1018\">Ofrecemos experiencias pr\u00e1cticas, accesibles y transformadoras, adaptadas al ritmo y las necesidades de cada organizaci\u00f3n. Ya sea en sesiones presenciales u online, guiamos a los equipos en el desarrollo de herramientas para gestionar el estr\u00e9s, mejorar la atenci\u00f3n plena y fomentar un ambiente laboral m\u00e1s arm\u00f3nico y productivo.<\/p>\n<p data-start=\"1020\" data-end=\"1262\"><strong data-start=\"1020\" data-end=\"1071\">Beneficios para la empresa y sus colaboradores:<\/strong><br data-start=\"1071\" data-end=\"1074\" \/>\u2714\ufe0f Reducci\u00f3n del estr\u00e9s y la ansiedad<br data-start=\"1111\" data-end=\"1114\" \/>\u2714\ufe0f Mejora en la productividad y la toma de decisiones<br data-start=\"1167\" data-end=\"1170\" \/>\u2714\ufe0f Clima laboral m\u00e1s positivo y colaborativo<br data-start=\"1214\" data-end=\"1217\" \/>\u2714\ufe0f Mayor energ\u00eda, enfoque y bienestar general<\/p>\n","protected":false},"excerpt":{"rendered":"<p data-start=\"305\" data-end=\"687\">En un mundo corporativo cada vez m\u00e1s exigente, el bienestar emocional y f\u00edsico de los colaboradores no es un lujo, sino una necesidad estrat\u00e9gica. Nuestros talleres de <em data-start=\"473\" data-end=\"486\">mindfulness<\/em>, meditaci\u00f3n y yoga est\u00e1n dise\u00f1ados para ayudar a las empresas a crear espacios de pausa consciente, reducir el estr\u00e9s laboral, mejorar la concentraci\u00f3n y fortalecer el equilibrio entre mente y cuerpo.<\/p>\n<p data-start=\"689\" data-end=\"1018\">Ofrecemos experiencias pr\u00e1cticas, accesibles y transformadoras, adaptadas al ritmo y las necesidades de cada organizaci\u00f3n. Ya sea en sesiones presenciales u online, guiamos a los equipos en el desarrollo de herramientas para gestionar el estr\u00e9s, mejorar la atenci\u00f3n plena y fomentar un ambiente laboral m\u00e1s arm\u00f3nico y productivo.<\/p>\n<p data-start=\"1020\" data-end=\"1262\"><strong data-start=\"1020\" data-end=\"1071\">Beneficios para la empresa y sus colaboradores:<\/strong><br data-start=\"1071\" data-end=\"1074\" \/>\u2714\ufe0f Reducci\u00f3n del estr\u00e9s y la ansiedad<br data-start=\"1111\" data-end=\"1114\" \/>\u2714\ufe0f Mejora en la productividad y la toma de decisiones<br data-start=\"1167\" data-end=\"1170\" \/>\u2714\ufe0f Clima laboral m\u00e1s positivo y colaborativo<br data-start=\"1214\" data-end=\"1217\" \/>\u2714\ufe0f Mayor energ\u00eda, enfoque y bienestar general<\/p>\n<p data-start=\"1264\" data-end=\"1354\"><strong data-start=\"1264\" data-end=\"1287\">Formatos flexibles:<\/strong> sesiones \u00fanicas, programas semanales o ciclos tem\u00e1ticos mensuales.<\/p>\n<p data-start=\"1356\" data-end=\"1498\">Invita a tu equipo a reconectar con su bienestar desde adentro.<br data-start=\"1419\" data-end=\"1422\" \/><strong data-start=\"1422\" data-end=\"1498\">Cultivemos juntos una cultura organizacional m\u00e1s consciente y saludable.<\/strong><\/p>\n","protected":false},"featured_media":1706,"comment_status":"open","ping_status":"closed","template":"","meta":{"_bst_post_transparent":"default","_bst_post_title":"","_bst_post_layout":"default","_bst_post_sidebar_id":"","_bst_post_content_style":"default","_bst_post_vertical_padding":"default","_bst_post_feature":"","_bst_post_feature_position":"","_bst_post_header":false,"_bst_post_footer":false},"product_brand":[],"product_cat":[82],"product_tag":[],"product_brands":[],"class_list":{"0":"post-1553","1":"product","2":"type-product","3":"status-publish","4":"has-post-thumbnail","6":"product_cat-servempre","8":"first","9":"instock","10":"shipping-taxable","11":"product-type-simple","12":"entry","13":"content-bg","14":"loop-entry"},"_links":{"self":[{"href":"https:\/\/paovarelabienestar.com\/paola\/index.php\/wp-json\/wp\/v2\/product\/1553","targetHints":{"allow":["GET"]}}],"collection":[{"href":"https:\/\/paovarelabienestar.com\/paola\/index.php\/wp-json\/wp\/v2\/product"}],"about":[{"href":"https:\/\/paovarelabienestar.com\/paola\/index.php\/wp-json\/wp\/v2\/types\/product"}],"replies":[{"embeddable":true,"href":"https:\/\/paovarelabienestar.com\/paola\/index.php\/wp-json\/wp\/v2\/comments?post=1553"}],"wp:featuredmedia":[{"embeddable":true,"href":"https:\/\/paovarelabienestar.com\/paola\/index.php\/wp-json\/wp\/v2\/media\/1706"}],"wp:attachment":[{"href":"https:\/\/paovarelabienestar.com\/paola\/index.php\/wp-json\/wp\/v2\/media?parent=1553"}],"wp:term":[{"taxonomy":"product_brand","embeddable":true,"href":"https:\/\/paovarelabienestar.com\/paola\/index.php\/wp-json\/wp\/v2\/product_brand?post=1553"},{"taxonomy":"product_cat","embeddable":true,"href":"https:\/\/paovarelabienestar.com\/paola\/index.php\/wp-json\/wp\/v2\/product_cat?post=1553"},{"taxonomy":"product_tag","embeddable":true,"href":"https:\/\/paovarelabienestar.com\/paola\/index.php\/wp-json\/wp\/v2\/product_tag?post=1553"},{"taxonomy":"product_brands","embeddable":true,"href":"https:\/\/paovarelabienestar.com\/paola\/index.php\/wp-json\/wp\/v2\/product_brands?post=1553"}],"curies":[{"name":"wp","href":"https:\/\/api.w.org\/{rel}","templated":true}]}}